[INFO] fetching crate repomd 0.0.1...
[INFO] checking repomd-0.0.1 against master#cfbc6d4cf1acbac5c025acf8ed68929caa551df3 for pr-75494-beta
[INFO] extracting crate repomd 0.0.1 into /workspace/builds/worker-3/source
[INFO] validating manifest of crates.io crate repomd 0.0.1 on toolchain cfbc6d4cf1acbac5c025acf8ed68929caa551df3
[INFO] running `Command { std: "/workspace/cargo-home/bin/cargo" "+cfbc6d4cf1acbac5c025acf8ed68929caa551df3" "read-manifest" "--manifest-path" "Cargo.toml", kill_on_drop: false }`
[INFO] started tweaking crates.io crate repomd 0.0.1
[INFO] finished tweaking crates.io crate repomd 0.0.1
[INFO] tweaked toml for crates.io crate repomd 0.0.1 written to /workspace/builds/worker-3/source/Cargo.toml
[INFO] running `Command { std: "/workspace/cargo-home/bin/cargo" "+cfbc6d4cf1acbac5c025acf8ed68929caa551df3" "generate-lockfile" "--manifest-path" "Cargo.toml" "-Zno-index-update", kill_on_drop: false }`
[INFO] running `Command { std: "/workspace/cargo-home/bin/cargo" "+cfbc6d4cf1acbac5c025acf8ed68929caa551df3" "fetch" "--locked" "--manifest-path" "Cargo.toml", kill_on_drop: false }`
[INFO] [stderr]     Blocking waiting for file lock on package cache
[INFO] [stderr]  Downloading crates ...
[INFO] [stderr]   Downloaded which v4.0.2
[INFO] [stderr]   Downloaded sha2 v0.9.1
[INFO] [stderr]   Downloaded subtle v2.2.3
[INFO] [stderr]   Downloaded pem v0.8.1
[INFO] [stderr]   Downloaded block-padding v0.2.1
[INFO] [stderr]   Downloaded derive_builder_core v0.9.0
[INFO] [stderr]   Downloaded quick-xml v0.18.1
[INFO] [stderr]   Downloaded aes v0.4.0
[INFO] [stderr]   Downloaded opaque-debug v0.3.0
[INFO] [stderr]   Downloaded block-buffer v0.9.0
[INFO] [stderr]   Downloaded enum-display-derive v0.1.0
[INFO] [stderr]   Downloaded block-modes v0.5.0
[INFO] [stderr]   Downloaded block-cipher v0.7.1
[INFO] [stderr]   Downloaded generic-array v0.14.4
[INFO] [stderr]   Downloaded circular v0.3.0
[INFO] [stderr]   Downloaded curve25519-dalek v3.0.0
[INFO] [stderr]   Downloaded strum v0.19.2
[INFO] [stderr]   Downloaded twofish v0.3.0
[INFO] [stderr]   Downloaded digest v0.9.0
[INFO] [stderr]   Downloaded signature v1.2.2
[INFO] [stderr]   Downloaded libm v0.2.1
[INFO] [stderr]   Downloaded aes-soft v0.4.0
[INFO] [stderr]   Downloaded cast5 v0.7.0
[INFO] [stderr]   Downloaded sha-1 v0.9.1
[INFO] [stderr]   Downloaded md-5 v0.9.1
[INFO] [stderr]   Downloaded simple_asn1 v0.4.1
[INFO] [stderr]   Downloaded stream-cipher v0.4.1
[INFO] [stderr]   Downloaded clear_on_drop v0.2.4
[INFO] [stderr]   Downloaded ripemd160 v0.9.1
[INFO] [stderr]   Downloaded ed25519-dalek v1.0.0
[INFO] [stderr]   Downloaded num v0.2.1
[INFO] [stderr]   Downloaded blowfish v0.5.0
[INFO] [stderr]   Downloaded cfb-mode v0.4.0
[INFO] [stderr]   Downloaded crc24 v0.1.6
[INFO] [stderr]   Downloaded aesni v0.7.0
[INFO] [stderr]   Downloaded buf_redux v0.8.4
[INFO] [stderr]   Downloaded keccak v0.1.0
[INFO] [stderr]   Downloaded sha3 v0.9.1
[INFO] [stderr]   Downloaded curve25519-dalek v2.1.0
[INFO] [stderr]   Downloaded cpio v0.2.0
[INFO] [stderr]   Downloaded compression v0.1.5
[INFO] [stderr]   Downloaded pgp v0.6.1
[INFO] [stderr]   Downloaded zeroize_derive v1.0.0
[INFO] [stderr]   Downloaded strum_macros v0.19.2
[INFO] [stderr]   Downloaded cpuid-bool v0.1.2
[INFO] [stderr]   Downloaded x25519-dalek v0.6.0
[INFO] [stderr]   Downloaded hex v0.4.2
[INFO] [stderr]   Downloaded derive_builder v0.9.0
[INFO] [stderr]   Downloaded ed25519 v1.0.1
[INFO] [stderr]   Downloaded rsa v0.3.0
[INFO] [stderr]   Downloaded num-derive v0.3.1
[INFO] [stderr]   Downloaded rpm-rs v0.6.0
[INFO] [stderr]   Downloaded bitfield v0.13.2
[INFO] [stderr]   Downloaded des v0.4.0
[INFO] [stderr]   Downloaded num-bigint-dig v0.6.0
[INFO] running `Command { std: "docker" "create" "-v" "/var/lib/crater-agent-workspace/builds/worker-3/target:/opt/rustwide/target:rw,Z" "-v" "/var/lib/crater-agent-workspace/builds/worker-3/source:/opt/rustwide/workdir:ro,Z" "-v" "/var/lib/crater-agent-workspace/cargo-home:/opt/rustwide/cargo-home:ro,Z" "-v" "/var/lib/crater-agent-workspace/rustup-home:/opt/rustwide/rustup-home:ro,Z" "-e" "SOURCE_DIR=/opt/rustwide/workdir" "-e" "CARGO_TARGET_DIR=/opt/rustwide/target" "-e" "CARGO_HOME=/opt/rustwide/cargo-home" "-e" "RUSTUP_HOME=/opt/rustwide/rustup-home" "-w" "/opt/rustwide/workdir" "-m" "1610612736" "--user" "0:0" "--network" "none" "rustops/crates-build-env@sha256:a636fd89d022f18117e1dc8fb37a0a009933cdbbe082814857f0e2024962d47c" "/opt/rustwide/cargo-home/bin/cargo" "+cfbc6d4cf1acbac5c025acf8ed68929caa551df3" "metadata" "--no-deps" "--format-version=1", kill_on_drop: false }`
[INFO] [stdout] 72494b129b625970535b57ee4c3df704e738561cc2099ee54d7d40a40372e4ef
[INFO] [stderr] WARNING: Your kernel does not support swap limit capabilities or the cgroup is not mounted. Memory limited without swap.
[INFO] running `Command { std: "docker" "start" "-a" "72494b129b625970535b57ee4c3df704e738561cc2099ee54d7d40a40372e4ef", kill_on_drop: false }`
[INFO] running `Command { std: "docker" "inspect" "72494b129b625970535b57ee4c3df704e738561cc2099ee54d7d40a40372e4ef", kill_on_drop: false }`
[INFO] running `Command { std: "docker" "rm" "-f" "72494b129b625970535b57ee4c3df704e738561cc2099ee54d7d40a40372e4ef", kill_on_drop: false }`
[INFO] [stdout] 72494b129b625970535b57ee4c3df704e738561cc2099ee54d7d40a40372e4ef
[INFO] running `Command { std: "docker" "create" "-v" "/var/lib/crater-agent-workspace/builds/worker-3/target:/opt/rustwide/target:rw,Z" "-v" "/var/lib/crater-agent-workspace/builds/worker-3/source:/opt/rustwide/workdir:ro,Z" "-v" "/var/lib/crater-agent-workspace/cargo-home:/opt/rustwide/cargo-home:ro,Z" "-v" "/var/lib/crater-agent-workspace/rustup-home:/opt/rustwide/rustup-home:ro,Z" "-e" "SOURCE_DIR=/opt/rustwide/workdir" "-e" "CARGO_TARGET_DIR=/opt/rustwide/target" "-e" "CARGO_INCREMENTAL=0" "-e" "RUST_BACKTRACE=full" "-e" "RUSTFLAGS=--cap-lints=forbid" "-e" "CARGO_HOME=/opt/rustwide/cargo-home" "-e" "RUSTUP_HOME=/opt/rustwide/rustup-home" "-w" "/opt/rustwide/workdir" "-m" "1610612736" "--user" "0:0" "--network" "none" "rustops/crates-build-env@sha256:a636fd89d022f18117e1dc8fb37a0a009933cdbbe082814857f0e2024962d47c" "/opt/rustwide/cargo-home/bin/cargo" "+cfbc6d4cf1acbac5c025acf8ed68929caa551df3" "check" "--frozen" "--all" "--all-targets" "--message-format=json", kill_on_drop: false }`
[INFO] [stdout] 323b33b8023607adfa4f32f4cf5aad96e3aadd50e0b1f8a88c394dc84427e40a
[INFO] [stderr] WARNING: Your kernel does not support swap limit capabilities or the cgroup is not mounted. Memory limited without swap.
[INFO] running `Command { std: "docker" "start" "-a" "323b33b8023607adfa4f32f4cf5aad96e3aadd50e0b1f8a88c394dc84427e40a", kill_on_drop: false }`
[INFO] [stderr]     Blocking waiting for file lock on package cache
[INFO] [stderr]    Compiling syn v1.0.39
[INFO] [stderr]    Compiling version_check v0.9.2
[INFO] [stderr]    Compiling getrandom v0.1.14
[INFO] [stderr]     Checking block-padding v0.2.1
[INFO] [stderr]     Checking opaque-debug v0.3.0
[INFO] [stderr]     Checking spin v0.5.2
[INFO] [stderr]    Compiling fnv v1.0.7
[INFO] [stderr]    Compiling ident_case v1.0.1
[INFO] [stderr]     Checking cpuid-bool v0.1.2
[INFO] [stderr]    Compiling strsim v0.9.3
[INFO] [stderr]     Checking subtle v2.2.3
[INFO] [stderr]    Compiling libm v0.2.1
[INFO] [stderr]    Compiling version_check v0.1.5
[INFO] [stderr]    Compiling cc v1.0.59
[INFO] [stderr]    Compiling unicode-xid v0.0.4
[INFO] [stderr]    Compiling crc24 v0.1.6
[INFO] [stderr]     Checking smallvec v1.4.2
[INFO] [stderr]     Checking signature v1.2.2
[INFO] [stderr]     Checking once_cell v1.4.1
[INFO] [stderr]    Compiling derive_builder v0.9.0
[INFO] [stderr]    Compiling quote v0.3.15
[INFO] [stderr]     Checking safemem v0.3.3
[INFO] [stderr]     Checking libflate_lz77 v1.0.0
[INFO] [stderr]     Checking hex v0.4.2
[INFO] [stderr]     Checking circular v0.3.0
[INFO] [stderr]     Checking adler32 v1.2.0
[INFO] [stderr]     Checking bitfield v0.13.2
[INFO] [stderr]     Checking cpio v0.2.0
[INFO] [stderr]     Checking try_from v0.3.2
[INFO] [stderr]    Compiling num-traits v0.2.12
[INFO] [stderr]    Compiling num-integer v0.1.43
[INFO] [stderr]    Compiling num-bigint v0.2.6
[INFO] [stderr]    Compiling num-iter v0.1.41
[INFO] [stderr]    Compiling hashbrown v0.8.2
[INFO] [stderr]    Compiling num-complex v0.2.4
[INFO] [stderr]    Compiling num-rational v0.2.4
[INFO] [stderr]    Compiling indexmap v1.5.1
[INFO] [stderr]    Compiling num-bigint-dig v0.6.0
[INFO] [stderr]    Compiling synom v0.11.3
[INFO] [stderr]     Checking lazy_static v1.4.0
[INFO] [stderr]     Checking ed25519 v1.0.1
[INFO] [stderr]     Checking typenum v1.12.0
[INFO] [stderr]     Checking crc32fast v1.2.0
[INFO] [stderr]     Checking log v0.4.11
[INFO] [stderr]     Checking idna v0.2.0
[INFO] [stderr]    Compiling generic-array v0.14.4
[INFO] [stderr]    Compiling nom v5.1.2
[INFO] [stderr]     Checking time v0.1.43
[INFO] [stderr]     Checking buf_redux v0.8.4
[INFO] [stderr]     Checking thread_local v1.0.1
[INFO] [stderr]    Compiling nom v4.2.3
[INFO] [stderr]     Checking lexical-core v0.7.4
[INFO] [stderr]    Compiling syn v0.11.11
[INFO] [stderr]     Checking flate2 v1.0.17
[INFO] [stderr]     Checking libflate v1.0.2
[INFO] [stderr]     Checking rand_core v0.5.1
[INFO] [stderr]     Checking regex v1.3.9
[INFO] [stderr]     Checking rand_chacha v0.2.2
[INFO] [stderr]     Checking generic-array v0.12.3
[INFO] [stderr]     Checking rand v0.7.3
[INFO] [stderr]     Checking digest v0.8.1
[INFO] [stderr]    Compiling clear_on_drop v0.2.4
[INFO] [stderr]     Checking digest v0.9.0
[INFO] [stderr]     Checking block-buffer v0.9.0
[INFO] [stderr]     Checking block-cipher v0.7.1
[INFO] [stderr]     Checking stream-cipher v0.4.1
[INFO] [stderr]     Checking aes-soft v0.4.0
[INFO] [stderr]     Checking des v0.4.0
[INFO] [stderr]     Checking blowfish v0.5.0
[INFO] [stderr]     Checking block-modes v0.5.0
[INFO] [stderr]     Checking cfb-mode v0.4.0
[INFO] [stderr]     Checking cast5 v0.7.0
[INFO] [stderr]     Checking twofish v0.3.0
[INFO] [stderr]     Checking sha2 v0.9.1
[INFO] [stderr]     Checking ripemd160 v0.9.1
[INFO] [stderr]     Checking sha-1 v0.9.1
[INFO] [stderr]     Checking sha3 v0.9.1
[INFO] [stderr]     Checking md-5 v0.9.1
[INFO] [stderr]     Checking compression v0.1.5
[INFO] [stderr]     Checking aes v0.4.0
[INFO] [stderr]     Checking pem v0.8.1
[INFO] [stderr]    Compiling enum-display-derive v0.1.0
[INFO] [stderr]     Checking num v0.2.1
[INFO] [stderr]    Compiling synstructure v0.12.4
[INFO] [stderr]    Compiling darling_core v0.10.2
[INFO] [stderr]    Compiling serde_derive v1.0.115
[INFO] [stderr]    Compiling zeroize_derive v1.0.0
[INFO] [stderr]    Compiling thiserror-impl v1.0.20
[INFO] [stderr]    Compiling num-derive v0.3.1
[INFO] [stderr]    Compiling strum_macros v0.19.2
[INFO] [stderr]    Compiling darling_macro v0.10.2
[INFO] [stderr]     Checking zeroize v1.1.0
[INFO] [stderr]     Checking curve25519-dalek v3.0.0
[INFO] [stderr]     Checking curve25519-dalek v2.1.0
[INFO] [stderr]     Checking thiserror v1.0.20
[INFO] [stderr]    Compiling darling v0.10.2
[INFO] [stderr]     Checking which v4.0.2
[INFO] [stderr]     Checking x25519-dalek v0.6.0
[INFO] [stderr]    Compiling derive_builder_core v0.9.0
[INFO] [stderr]     Checking serde v1.0.115
[INFO] [stderr]     Checking chrono v0.4.15
[INFO] [stderr]     Checking ed25519-dalek v1.0.0
[INFO] [stderr]     Checking quick-xml v0.18.1
[INFO] [stderr]     Checking serde_json v1.0.57
[INFO] [stderr]     Checking toml v0.5.6
[INFO] [stderr]     Checking url v2.1.1
[INFO] [stderr]     Checking simple_asn1 v0.4.1
[INFO] [stderr]     Checking repomd v0.0.1 (/opt/rustwide/workdir)
[INFO] [stderr]     Checking rsa v0.3.0
[INFO] [stdout] warning: unused import: `serde`
[INFO] [stdout]  --> src/error.rs:3:5
[INFO] [stdout]   |
[INFO] [stdout] 3 | use serde;
[INFO] [stdout]   |     ^^^^^
[INFO] [stdout]   |
[INFO] [stdout]   = note: `#[warn(unused_imports)]` on by default
[INFO] [stdout] 
[INFO] [stdout] 
[INFO] [stdout] warning: unused import: `std::marker::PhantomData`
[INFO] [stdout]  --> src/servings/mod.rs:2:5
[INFO] [stdout]   |
[INFO] [stdout] 2 | use std::marker::PhantomData;
[INFO] [stdout]   |     ^^^^^^^^^^^^^^^^^^^^^^^^
[INFO] [stdout] 
[INFO] [stdout] 
[INFO] [stdout] warning: unused import: `chrono::Duration`
[INFO] [stdout]  --> src/servings/repofile.rs:7:5
[INFO] [stdout]   |
[INFO] [stdout] 7 | use chrono::Duration;
[INFO] [stdout]   |     ^^^^^^^^^^^^^^^^
[INFO] [stdout] 
[INFO] [stdout] 
[INFO] [stdout] warning: unused import: `strum`
[INFO] [stdout]  --> src/servings/repofile.rs:8:5
[INFO] [stdout]   |
[INFO] [stdout] 8 | use strum;
[INFO] [stdout]   |     ^^^^^
[INFO] [stdout] 
[INFO] [stdout] 
[INFO] [stdout] warning: associated function is never used: `new`
[INFO] [stdout]  --> src/servings/other.rs:9:8
[INFO] [stdout]   |
[INFO] [stdout] 9 |     fn new(repo: &'a Repo) -> Self {
[INFO] [stdout]   |        ^^^
[INFO] [stdout]   |
[INFO] [stdout]   = note: `#[warn(dead_code)]` on by default
[INFO] [stdout] 
[INFO] [stdout] 
[INFO] [stdout] warning: associated function is never used: `as_toml`
[INFO] [stdout]   --> src/servings/repofile.rs:87:8
[INFO] [stdout]    |
[INFO] [stdout] 87 |     fn as_toml(&self) -> Result<String> {
[INFO] [stdout]    |        ^^^^^^^
[INFO] [stdout] 
[INFO] [stdout] 
[INFO] [stdout] warning: 6 warnings emitted
[INFO] [stdout] 
[INFO] [stdout] 
[INFO] [stderr]     Checking pgp v0.6.1
[INFO] [stderr]     Checking rpm-rs v0.6.0
[INFO] [stdout] error: couldn't read src/../groundtruth/repodata/repomd.xml: No such file or directory (os error 2)
[INFO] [stdout]   --> src/integration.rs:40:9
[INFO] [stdout]    |
[INFO] [stdout] 40 |         include_bytes!("../groundtruth/repodata/repomd.xml")
[INFO] [stdout]    |         ^^^^^^^^^^^^^^^^^^^^^^^^^^^^^^^^^^^^^^^^^^^^^^^^^^^^
[INFO] [stdout]    |
[INFO] [stdout]    = note: this error originates in a macro (in Nightly builds, run with -Z macro-backtrace for more info)
[INFO] [stdout] 
[INFO] [stdout] 
[INFO] [stdout] error: couldn't read src/../groundtruth/repodata/349b990aa8a8c9a8ad1b85866a00e8a8b87d9e2b66e7e10491f8d189621a41ea-primary.xml.gz: No such file or directory (os error 2)
[INFO] [stdout]   --> src/integration.rs:44:9
[INFO] [stdout]    |
[INFO] [stdout] 44 |         include_bytes!("../groundtruth/repodata/349b990aa8a8c9a8ad1b85866a00e8a8b87d9e2b66e7e10491f8d189621a41ea-primary.xml.gz")
[INFO] [stdout]    |         ^^^^^^^^^^^^^^^^^^^^^^^^^^^^^^^^^^^^^^^^^^^^^^^^^^^^^^^^^^^^^^^^^^^^^^^^^^^^^^^^^^^^^^^^^^^^^^^^^^^^^^^^^^^^^^^^^^^^^^^^^
[INFO] [stdout]    |
[INFO] [stdout]    = note: this error originates in a macro (in Nightly builds, run with -Z macro-backtrace for more info)
[INFO] [stdout] 
[INFO] [stdout] 
[INFO] [stdout] error: couldn't read src/../groundtruth/repodata/9d2b70627231fc3d6abc0c6e41a425b2a888213a30745acffb2b670b5727a12f-filelists.xml.gz: No such file or directory (os error 2)
[INFO] [stdout]   --> src/integration.rs:48:9
[INFO] [stdout]    |
[INFO] [stdout] 48 |         include_bytes!("../groundtruth/repodata/9d2b70627231fc3d6abc0c6e41a425b2a888213a30745acffb2b670b5727a12f-filelists.xml.gz")
[INFO] [stdout]    |         ^^^^^^^^^^^^^^^^^^^^^^^^^^^^^^^^^^^^^^^^^^^^^^^^^^^^^^^^^^^^^^^^^^^^^^^^^^^^^^^^^^^^^^^^^^^^^^^^^^^^^^^^^^^^^^^^^^^^^^^^^^^
[INFO] [stdout]    |
[INFO] [stdout]    = note: this error originates in a macro (in Nightly builds, run with -Z macro-backtrace for more info)
[INFO] [stdout] 
[INFO] [stdout] 
[INFO] [stdout] error: couldn't read src/../groundtruth/repodata/0f12187e68182b9f05d922d8f480316e78da5ce7e3b028b31c53e9d373d8b6d4-other.xml.gz: No such file or directory (os error 2)
[INFO] [stdout]   --> src/integration.rs:52:9
[INFO] [stdout]    |
[INFO] [stdout] 52 |         include_bytes!("../groundtruth/repodata/0f12187e68182b9f05d922d8f480316e78da5ce7e3b028b31c53e9d373d8b6d4-other.xml.gz")
[INFO] [stdout]    |         ^^^^^^^^^^^^^^^^^^^^^^^^^^^^^^^^^^^^^^^^^^^^^^^^^^^^^^^^^^^^^^^^^^^^^^^^^^^^^^^^^^^^^^^^^^^^^^^^^^^^^^^^^^^^^^^^^^^^^^^
[INFO] [stdout]    |
[INFO] [stdout]    = note: this error originates in a macro (in Nightly builds, run with -Z macro-backtrace for more info)
[INFO] [stdout] 
[INFO] [stdout] 
[INFO] [stdout] error[E0433]: failed to resolve: use of undeclared type or module `PathBuf`
[INFO] [stdout]   --> src/integration.rs:11:22
[INFO] [stdout]    |
[INFO] [stdout] 11 |         let outdir = PathBuf::from(manifestdir).join("groundtruth");
[INFO] [stdout]    |                      ^^^^^^^ not found in this scope
[INFO] [stdout]    |
[INFO] [stdout] help: consider importing one of these items
[INFO] [stdout]    |
[INFO] [stdout] 8  |     use crate::PathBuf;
[INFO] [stdout]    |
[INFO] [stdout] 8  |     use std::path::PathBuf;
[INFO] [stdout]    |
[INFO] [stdout] 
[INFO] [stdout] 
[INFO] [stdout] error[E0433]: failed to resolve: use of undeclared type or module `PathBuf`
[INFO] [stdout]   --> src/integration.rs:12:21
[INFO] [stdout]    |
[INFO] [stdout] 12 |         let indir = PathBuf::from(manifestdir).join("tests").join("assets");
[INFO] [stdout]    |                     ^^^^^^^ not found in this scope
[INFO] [stdout]    |
[INFO] [stdout] help: consider importing one of these items
[INFO] [stdout]    |
[INFO] [stdout] 8  |     use crate::PathBuf;
[INFO] [stdout]    |
[INFO] [stdout] 8  |     use std::path::PathBuf;
[INFO] [stdout]    |
[INFO] [stdout] 
[INFO] [stdout] 
[INFO] [stdout] error[E0433]: failed to resolve: use of undeclared type or module `Command`
[INFO] [stdout]   --> src/integration.rs:15:22
[INFO] [stdout]    |
[INFO] [stdout] 15 |         let output = Command::new(createrepo)
[INFO] [stdout]    |                      ^^^^^^^ not found in this scope
[INFO] [stdout]    |
[INFO] [stdout] help: consider importing one of these items
[INFO] [stdout]    |
[INFO] [stdout] 8  |     use crate::integration::Command;
[INFO] [stdout]    |
[INFO] [stdout] 8  |     use std::process::Command;
[INFO] [stdout]    |
[INFO] [stdout] 
[INFO] [stdout] 
[INFO] [stdout] warning: unused import: `serde`
[INFO] [stdout]  --> src/error.rs:3:5
[INFO] [stdout]   |
[INFO] [stdout] 3 | use serde;
[INFO] [stdout]   |     ^^^^^
[INFO] [stdout]   |
[INFO] [stdout]   = note: `#[warn(unused_imports)]` on by default
[INFO] [stdout] 
[INFO] [stdout] 
[INFO] [stdout] warning: unused import: `std::marker::PhantomData`
[INFO] [stdout]  --> src/servings/mod.rs:2:5
[INFO] [stdout]   |
[INFO] [stdout] 2 | use std::marker::PhantomData;
[INFO] [stdout]   |     ^^^^^^^^^^^^^^^^^^^^^^^^
[INFO] [stdout] 
[INFO] [stdout] 
[INFO] [stdout] warning: unused import: `chrono::Duration`
[INFO] [stdout]  --> src/servings/repofile.rs:7:5
[INFO] [stdout]   |
[INFO] [stdout] 7 | use chrono::Duration;
[INFO] [stdout]   |     ^^^^^^^^^^^^^^^^
[INFO] [stdout] 
[INFO] [stdout] 
[INFO] [stdout] warning: unused import: `strum`
[INFO] [stdout]  --> src/servings/repofile.rs:8:5
[INFO] [stdout]   |
[INFO] [stdout] 8 | use strum;
[INFO] [stdout]   |     ^^^^^
[INFO] [stdout] 
[INFO] [stdout] 
[INFO] [stdout] warning: unused import: `super::*`
[INFO] [stdout]   --> src/servings/repofile.rs:96:9
[INFO] [stdout]    |
[INFO] [stdout] 96 |     use super::*;
[INFO] [stdout]    |         ^^^^^^^^
[INFO] [stdout] 
[INFO] [stdout] 
[INFO] [stdout] warning: unused import: `std::process::Command`
[INFO] [stdout]  --> src/integration.rs:1:5
[INFO] [stdout]   |
[INFO] [stdout] 1 | use std::process::Command;
[INFO] [stdout]   |     ^^^^^^^^^^^^^^^^^^^^^
[INFO] [stdout] 
[INFO] [stdout] 
[INFO] [stdout] warning: unused import: `which`
[INFO] [stdout]  --> src/integration.rs:2:5
[INFO] [stdout]   |
[INFO] [stdout] 2 | use which;
[INFO] [stdout]   |     ^^^^^
[INFO] [stdout] 
[INFO] [stdout] 
[INFO] [stdout] warning: unused import: `std::env`
[INFO] [stdout]  --> src/integration.rs:3:5
[INFO] [stdout]   |
[INFO] [stdout] 3 | use std::env;
[INFO] [stdout]   |     ^^^^^^^^
[INFO] [stdout] 
[INFO] [stdout] 
[INFO] [stdout] warning: unused import: `std::path::PathBuf`
[INFO] [stdout]  --> src/integration.rs:4:5
[INFO] [stdout]   |
[INFO] [stdout] 4 | use std::path::PathBuf;
[INFO] [stdout]   |     ^^^^^^^^^^^^^^^^^^
[INFO] [stdout] 
[INFO] [stdout] 
[INFO] [stdout] error: aborting due to 7 previous errors; 9 warnings emitted
[INFO] [stdout] 
[INFO] [stdout] 
[INFO] [stdout] For more information about this error, try `rustc --explain E0433`.
[INFO] [stdout] 
[INFO] [stderr] error: could not compile `repomd`.
[INFO] [stderr] 
[INFO] [stderr] To learn more, run the command again with --verbose.
[INFO] running `Command { std: "docker" "inspect" "323b33b8023607adfa4f32f4cf5aad96e3aadd50e0b1f8a88c394dc84427e40a", kill_on_drop: false }`
[INFO] running `Command { std: "docker" "rm" "-f" "323b33b8023607adfa4f32f4cf5aad96e3aadd50e0b1f8a88c394dc84427e40a", kill_on_drop: false }`
[INFO] [stdout] 323b33b8023607adfa4f32f4cf5aad96e3aadd50e0b1f8a88c394dc84427e40a
